What are the prime factors of 7824?
2, 3, 163
What are the prime factors of 11251?
11251
What are the prime factors of 65?
5, 13
List the prime factors of 7436.
2, 11, 13
What are the prime factors of 2179?
2179
What are the prime factors of 2774?
2, 19, 73
What are the prime factors of 1492?
2, 373
What are the prime factors of 25967?
23, 1129
List the prime factors of 34978.
2, 17489
What are the prime factors of 804?
2, 3, 67
List the prime factors of 1409.
1409
What are the prime factors of 3893?
17, 229
What are the prime factors of 47463?
3, 13, 1217
What are the prime factors of 902?
2, 11, 41
What are the prime factors of 53957?
79, 683
What are the prime factors of 697?
17, 41
List the prime factors of 22.
2, 11
List the prime factors of 47210.
2, 5, 4721
What are the prime factors of 9856?
2, 7, 11
What are the prime factors of 29930?
2, 5, 41, 73
List the prime factors of 3696.
2, 3, 7, 11
List the prime factors of 4332.
2, 3, 19
What are the prime factors of 1035?
3, 5, 23
What are the prime factors of 1352?
2, 13
What are the prime factors of 134350?
2, 5, 2687
What are the prime factors of 2447?
2447
List the prime factors of 589.
19, 31
List the prime factors of 741.
3, 13, 19
What are the prime factors of 50955?
3, 5, 43, 79
List the prime factors of 529.
23
List the prime factors of 12683.
11, 1153
List the prime factors of 1692.
2, 3, 47
What are the prime factors of 135?
3, 5
What are the prime factors of 1344?
2, 3, 7
What are the prime factors of 1537?
29, 53
What are the prime factors of 577?
577
What are the prime factors of 14887?
14887
What are the prime factors of 3343?
3343
What are the prime factors of 2021?
43, 47
What are the prime factors of 8743?
7, 1249
List the prime factors of 3893.
17, 229
What are the prime factors of 35600?
2, 5, 89
List the prime factors of 3955.
5, 7, 113
What are the prime factors of 5333?
5333
List the prime factors of 2571.
3, 857
What are the prime factors of 1838?
2, 919
What are the prime factors of 191418?
2, 3, 61, 523
What are the prime factors of 16422?
2, 3, 7, 17, 23
What are the prime factors of 497?
7, 71
What are the prime factors of 12886?
2, 17, 379
List the prime factors of 110583.
3, 11, 1117
What are the prime factors of 10800?
2, 3, 5
List the prime factors of 926.
2, 463
List the prime factors of 1120.
2, 5, 7
What are the prime factors of 18714?
2, 3, 3119
List the prime factors of 6022.
2, 3011
What are the prime factors of 613?
613
List the prime factors of 74965.
5, 11, 29, 47
List the prime factors of 2830.
2, 5, 283
List the prime factors of 7490.
2, 5, 7, 107
What are the prime factors of 41218?
2, 37, 557
List the prime factors of 3730.
2, 5, 373
List the prime factors of 1197.
3, 7, 19
What are the prime factors of 1416?
2, 3, 59
What are the prime factors of 7058?
2, 3529
What are the prime factors of 28472?
2, 3559
List the prime factors of 987.
3, 7, 47
List the prime factors of 15081.
3, 11, 457
What are the prime factors of 1023?
3, 11, 31
What are the prime factors of 2864?
2, 179
List the prime factors of 1935.
3, 5, 43
List the prime factors of 363.
3, 11
List the prime factors of 36136.
2, 4517
List the prime factors of 767.
13, 59
List the prime factors of 3183.
3, 1061
What are the prime factors of 72133?
53, 1361
List the prime factors of 83.
83
What are the prime factors of 2105?
5, 421
List the prime factors of 1492.
2, 373
List the prime factors of 781.
11, 71
What are the prime factors of 51661?
19, 2719
What are the prime factors of 568?
2, 71
What are the prime factors of 469?
7, 67
What are the prime factors of 950?
2, 5, 19
What are the prime factors of 23527?
7, 3361
What are the prime factors of 476?
2, 7, 17
List the prime factors of 34554.
2, 3, 13, 443
List the prime factors of 496.
2, 31
List the prime factors of 10102.
2, 5051
What are the prime factors of 4492?
2, 1123
List the prime factors of 1492.
2, 373
What are the prime factors of 6208?
2, 97
What are the prime factors of 1811?
1811
What are the prime factors of 25760?
2, 5, 7, 23
List the prime factors of 17878.
2, 7, 1277
List the prime factors of 3166.
2, 1583
What are the prime factors of 190?
2, 5, 19
What are the prime factors of 2911?
41, 71
List the prime factors of 6154.
2, 17, 181
What are the prime factors of 36452?
2, 13, 701
What are the prime factors of 1885?
5, 13, 29
What are the prime factors of 117127?
117127
What are the prime factors of 10935?
3, 5
What are the prime factors of 1526?
2, 7, 109
List the prime factors of 18888.
2, 3, 787
List the prime factors of 3298.
2, 17, 97
What are the prime factors of 57975?
3, 5, 773
What are the prime factors of 381?
3, 127
What are the prime factors of 63309?
3, 47, 449
List the prime factors of 10407.
3, 3469
List the prime factors of 16651.
16651
What are the prime factors of 10154?
2, 5077
List the prime factors of 4038.
2, 3, 673
What are the prime factors of 6429?
3, 2143
List the prime factors of 67901.
67901
List the prime factors of 904.
2, 113
List the prime factors of 1616.
2, 101
What are the prime factors of 652?
2, 163
What are the prime factors of 774?
2, 3, 43
List the prime factors of 6779.
6779
What are the prime factors of 49031?
49031
What are the prime factors of 27777?
3, 47, 197
List the prime factors of 102.
2, 3, 17
List the prime factors of 32970.
2, 3, 5, 7, 157
List the prime factors of 45322.
2, 17, 31, 43
List the prime factors of 8209.
8209
List the prime factors of 56549.
193, 293
What are the prime factors of 1335?
3, 5, 89
List the prime factors of 31.
31
List the prime factors of 1815.
3, 5, 11
What are the prime factors of 875?
5, 7
What are the prime factors of 16939?
13, 1303
List the prime factors of 6682.
2, 13, 257
What are the prime factors of 62505?
3, 5, 463
What are the prime factors of 1003?
17, 59
What are the prime factors of 651?
3, 7, 31
What are the prime factors of 2240?
2, 5, 7
List the prime factors of 35297.
47, 751
What are the prime factors of 975?
3, 5, 13
What are the prime factors of 15549?
3, 71, 73
List the prime factors of 9315.
3, 5, 23
What are the prime factors of 31507?
7, 643
What are the prime factors of 1623?
3, 541
What are the prime factors of 5092?
2, 19, 67
What are the prime factors of 1343?
17, 79
List the prime factors of 63813.
3, 89, 239
List the prime factors of 13657.
7, 1951
What are the prime factors of 44740?
2, 5, 2237
List the prime factors of 4038.
2, 3, 673
What are the prime factors of 471?
3, 157
List the prime factors of 2532.
2, 3, 211
What are the prime factors of 5236?
2, 7, 11, 17
What are the prime factors of 159945?
3, 5, 10663
List the prime factors of 57661.
23, 109
List the prime factors of 3760.
2, 5, 47
List the prime factors of 111149.
111149
List the prime factors of 4368.
2, 3, 7, 13
List the prime factors of 1662.
2, 3, 277
What are the prime factors of 8604?
2, 3, 239
What are the prime factors of 1197?
3, 7, 19
List the prime factors of 2660.
2, 5, 7, 19
List the prime factors of 43555.
5, 31, 281
List the prime factors of 52976.
2, 7, 11, 43
What are the prime factors of 3087?
3, 7
List the prime factors of 18379.
18379
What are the prime factors of 1107?
3, 41
List the prime factors of 2739.
3, 11, 83
What are the prime factors of 17669?
17669
What are the prime factors of 204?
2, 3, 17
List the prime factors of 67229.
23, 37, 79
What are the prime factors of 111191?
111191
What are the prime factors of 1022?
2, 7, 73
What are the prime factors of 344?
2, 43
What are the prime factors of 225?
3, 5
List the prime factors of 2372.
2, 593
What are the prime factors of 31703?
7, 647
List the prime factors of 1450.
2, 5, 29
What are the prime factors of 63997?
63997
List the prime factors of 1314.
2, 3, 73
What are the prime factors of 109383?
3, 19, 101
What are the prime factors of 128446?
2, 64223
What are the prime factors of 13011?
3, 4337
List the prime factors of 50745.
3, 5, 17, 199
What are the prime factors of 15569?
15569
List the prime factors of 499.
499
What are the prime factors of 1094?
2, 547
What are the prime factors of 797?
797
What are the prime factors of 1453?
1453
List the prime factors of 453.
3, 151
List the prime factors of 8551.
17, 503
List the prime factors of 2211.
3, 11, 67
